2230 (base 7) in base 12?
259686
Convert 26a364 (base 15) to base 10.
1857019
-2144451 (base 6) to base 5
-11413221
Convert -1221060 (base 9) to base 2.
-10100001111110010100
What is 15910054 (base 10) in base 9?
32838437
What is -100000111010010000000 (base 2) in base 15?
-1647d5
11427256 (base 8) to base 5
1120033233
Convert 102202002022 (base 3) to base 6.
4542055
What is 251433305 (base 7) in base 10?
15840578
-1b18251 (base 13) to base 5
-4243120243
What is -906103 (base 11) in base 2?
-101100011110110100001
What is -8411853 (base 9) in base 12?
-1609826
Convert -10378 (base 11) to base 12.
-8895
-46848 (base 10) to base 3
-2101021010
What is 101100010111001100 (base 2) in base 3?
100020020221
Convert -120101012112 (base 3) to base 11.
-197458
What is -330021133 (base 4) in base 10?
-246367
Convert 38a4c (base 15) to base 16.
2c3cd
30112044 (base 5) to base 9
403017
-1d246 (base 14) to base 7
-430216
What is 110100100001010 (base 2) in base 14?
9b2a
-1e46f (base 16) to base 13
-445a8
What is -14232301043 (base 5) in base 9?
-38051675
-37dd1 (base 15) to base 9
-302017
-34355334 (base 6) to base 10
-1057450
What is 46143506 (base 7) in base 2?
1111010111010101101101
Convert 221100101 (base 4) to base 12.
81955
What is a7f88 (base 16) in base 6?
22425120
What is -101011001101 (base 2) in base 8?
-5315
Convert -253463 (base 7) to base 4.
-23130221
Convert d5ce (base 16) to base 6.
1101222
Convert 255841 (base 11) to base 4.
1202120133
Convert -3157082 (base 10) to base 9.
-5841628
10010000111011011 (base 2) to base 3
10202210021
Convert -5177a (base 15) to base 10.
-258190
1101211020 (base 3) to base 15
8283
Convert bc4166 (base 15) to base 11.
507a6a8
What is 1027083 (base 13) in base 7?
56434005
What is 6211a5 (base 12) in base 13?
41a464
Convert 101222221201 (base 3) to base 7.
1561063
-8335d (base 14) to base 5
-40104411
What is -2234331 (base 5) in base 4?
-21300132
-223003002102 (base 4) to base 11
-6408341
What is 100110011010010011 (base 2) in base 4?
212122103
What is -511305 (base 7) in base 3?
-11102020200
Convert -3312115 (base 6) to base 7.
-1255154
What is -100001111000010011101011 (base 2) in base 9?
-17635867
1a57 (base 15) to base 8
13113
What is -319349 (base 10) in base 2?
-1001101111101110101
Convert 12130221 (base 4) to base 8.
63451
Convert -67439 (base 11) to base 12.
-48649
1047b5a (base 13) to base 3
100022220121012
What is -f746 (base 16) in base 10?
-63302
7066364 (base 8) to base 10
1862900
-2571672 (base 8) to base 6
-23214534
Convert -23122320223 (base 4) to base 11.
-1765242
Convert 101011000111101010000101 (base 2) to base 6.
1042135141
What is -142504435 (base 6) in base 14?
-564a23
What is -14030110 (base 5) in base 14?
-39d2a
-140546 (base 7) to base 14
-9a26
What is -168a525 (base 12) in base 8?
-21623155
Convert -236921 (base 10) to base 13.
-83ab9
Convert 2b68 (base 15) to base 12.
548b
What is 102122210211121 (base 3) in base 13?
138c4c9
35a5cb (base 15) to base 9
4741282
Convert 15332352 (base 7) to base 5.
334022112
12102240 (base 5) to base 9
181675
-101200320322 (base 4) to base 8
-21407072
Convert -3434341140 (base 5) to base 14.
-10534b9
Convert -1a0d (base 15) to base 11.
-4266
What is 370199 (base 13) in base 4?
11000310311
Convert -21000d5 (base 14) to base 3.
-1002100102011202
-1221021223 (base 4) to base 9
-725724
What is -55210 (base 6) in base 3?
-101110220
-118ac (base 13) to base 16
-7dfc
What is 1364185 (base 9) in base 15?
ec7d8
-11052 (base 13) to base 10
-30825
-6ac79 (base 13) to base 5
-22223324
-8cc7 (base 13) to base 15
-5ccc
-8607702 (base 9) to base 11
-266a758
Convert -44071403 (base 8) to base 9.
-18727684
What is -100011100011010111 (base 2) in base 4?
-203203113
-822642 (base 9) to base 6
-14240532
Convert 99814 (base 14) to base 15.
7536b
Convert 45722 (base 11) to base 7.
363453
-543212 (base 8) to base 6
-3522042
668021 (base 12) to base 14
3066a5
What is 1646328 (base 10) in base 3?
10002122100010
5a254 (base 12) to base 3
20011102001
What is 11bb6 (base 14) in base 8?
124724
What is -858c40 (base 15) in base 14?
-bb7029
1341760 (base 8) to base 15
76e45
-6135052 (base 7) to base 14
-1508d2
Convert 1121515 (base 6) to base 7.
326303
-94411 (base 16) to base 8
-2242021
Convert 21364354 (base 8) to base 14.
873980
What is 757034 (base 9) in base 3?
211221001011
-441464 (base 8) to base 5
-14221101
What is -81b4 (base 12) in base 7?
-56056
-3332001313 (base 5) to base 15
-992173
-122332310 (base 4) to base 16
-1afb4
336406 (base 7) to base 2
1110100111101100
What is -20301303 (base 5) in base 10?
-165828
-124110320 (base 5) to base 12
-256a4a
What is 122022220122120 (base 3) in base 8?
43104113
2dccd (base 15) to base 4
210020302
What is 455404 (base 6) in base 12?
1a564
Convert -561663 (base 10) to base 13.
-16885b
-564024 (base 7) to base 11
-69006
Convert 151525154 (base 6) to base 7.
35634553
3830301 (base 12) to base 16
a804b1
Convert -111001000111101 (base 2) to base 11.
-1aa77
-50054 (base 6) to base 14
-2534
-10c94 (base 13) to base 14
-b298
-4423340 (base 5) to base 7
-436450
3113d (base 15) to base 16
25f8d
Convert -12122424310 (base 5) to base 11.
-8063003
What is -30033122 (base 4) in base 10?
-50138
2955e (base 15) to base 6
2502555
Convert 101011002000 (base 3) to base 6.
4141000
-11222111122 (base 3) to base 10
-98054
-49b29 (base 12) to base 9
-162286
What is b4cf (base 16) in base 10?
46287
-4dbc02 (base 14) to base 12
-a94976
22636 (base 14) to base 7
465366
What is 12fe26 (base 16) in base 2?
100101111111000100110
Convert b3120 (base 13) to base 4.
1032112331
What is -10100104012 (base 5) in base 16?
-9b070a
Convert 164045 (base 8) to base 9.
100462
-1370355 (base 9) to base 4
-2320101320
What is -21200121222 (base 3) in base 4?
-210331001
-2031971 (base 11) to base 5
-1404331133
Convert 867498 (base 10) to base 15.
122083
-7254626 (base 8) to base 7
-22230544
Convert 13002442 (base 6) to base 9.
710738
-2212631 (base 7) to base 6
-5500415
134362 (base 8) to base 16
b8f2
What is -4551221 (base 7) in base 16?
-8a734
20531340 (base 6) to base 4
2103031230
Convert 128b184 (base 12) to base 15.
4c70ad
What is 21536143 (base 9) in base 13?
22094b5
Convert 3364033 (base 11) to base 8.
26361742
Convert -10001101101101101001 (base 2) to base 5.
-122033312
2c6c12 (base 16) to base 6
142222002
Convert -120403423 (base 5) to base 16.
-88af7
What is -23240353 (base 7) in base 3?
-10211211001211
15ce1 (base 16) to base 9
145456
-51511012 (base 6) to base 3
-2210112102022
What is 3c300 (base 16) in base 13?
88299
Convert 10111111110101010010111 (base 2) to base 12.
2131873
2561425 (base 8) to base 15
e1613
Convert -101000010101101011010 (base 2) to base 4.
-11002231122
What is -73503 (base 9) in base 13?
-19116
Convert -1241421 (base 7) to base 14.
-42b81
Convert 4700 (base 10) to base 16.
125c
What is -1402244030 (base 5) in base 7?
-42140520
Convert -936232 (base 12) to base 9.
-4314002
Convert -774003 (base 9) to base 2.
-1110000110101101101
What is 10000111110010 (base 2) in base 8?
20762
What is 23be2b (base 15) in base 10?
1710941
What is 11010101001001001 (base 2) in base 10?
109129
13b0a7c (base 14) to base 13
1c9cb45
What is 183dac (base 14) in base 8?
3210024
Convert 824696 (base 11) to base 2.
101000011001101000101
-31320212 (base 5) to base 11
-168944
What is 101111111111100000100101 (base 2) in base 7?
211636004
What is 3323122 (base 4) in base 9?
24057
Convert -2111120210020 (base 3) to base 16.
-144c5d
Convert a4e71 (base 15) to base 10.
523006
What is -10214121 (base 5) in base 9?
-140300
Convert -92225 (base 11) to base 9.
-224686
Convert -13301211031 (base 4) to base 9.
-3745657
7550b (base 15) to base 16
5aea2
What is -1012202312 (base 4) in base 14?
-77434
-23121332223 (base 4) to base 13
-808c38
Convert -1434982 (base 10) to base 8.
-5362546
7313701 (base 8) to base 15
28497d
What is -100101111010101001101100 (base 2) in base 7?
-150325215
1002322002 (base 4) to base 15
56300
What is -5a012 (base 11) in base 10?
-86528
-250626 (base 9) to base 15
-2ece3
Convert -4961a3 (base 11) to base 2.
-10111111011101000001
Convert 714404 (base 10) to base 13.
1c0232
-187354 (base 11) to base 9
-477848
Convert 102130011031 (base 4) to base 9.
10076421
Conv